t c(q) = 7*q. Let t be (-1 - -4) + 0 + -1. Suppose 1 = -t*a + 5. Determine c(a).
14
Let r(f) be the third derivative of -1/6*f**4 + 0 + 13*f**2 + 0*f + 0*f**3. Calculate r(-1).
4
Let t(m) = -2*m**2 + 7*m - 5. Let r be 735/(-147) + 11 + (2 - 3). What is t(r)?
-20
Let w(r) = -9 + 3 + 3*r + 7 + 1. Calculate w(-2).
-4
Let p(j) = 3*j. Suppose 4*t + 31 = -5. Let d be (11/(-33))/(1/t). Suppose d*s - 4*s + 1 = 0. Calculate p(s).
3
Let t(v) = -v**3 + 3*v**2 + 6*v + 7. Let w(c) = -5*c - 59. Let n(b) = -2*b - 29. Let s(m) = 13*n(m) - 6*w(m). Let q be s(7). What is t(q)?
-13
Suppose -7 = -q + 4. Let n = 15 - q. Let x(w) = -w**3 + 4*w**2 + 1. Determine x(n).
1
Let x(p) = -4*p - 9 - 14 + 5*p + 26. Suppose 5*c + g + 3 = -0*g, 3*c + 2*g + 6 = 0. Determine x(c).
3
Let q(y) = 0*y**2 - 2*y**2 + 16*y**2 - y. Let s(f) = f - 3. Let p be s(4). Give q(p).
13
Let d(s) = 8184*s**3 + 0*s**2 - 2*s**2 + 5*s - 4*s - 8178*s**3. Calculate d(1).
5
Let a(f) be the third derivative of f**5/60 + f**4/6 + f**3/2 - 9*f**2. Let i(u) = -u**2 + 5*u - 3. Let b be i(5). What is a(b)?
0
Let r(l) be the second derivative of -l**4/12 - 3*l**3/2 + 3*l**2/2 - 32*l. Give r(-9).
3
Let q be 15/(-2)*210/(-315). Let j(r) be the third derivative of -8*r**2 + 1/8*r**4 + 0*r + 0 + 1/2*r**3 + 1/60*r**q. Give j(-3).
3
Let q(x) = -25 + x**2 + 26 + x**2 + 27*x**2. Calculate q(-1).
30
Suppose -4*g = 2*l + 18, 15 = -3*g - 2*g - l. Let o(s) be the third derivative of s**4/12 - s**3/6 - s**2 + 62. Give o(g).
-5
Let o be 9 + -2 - 1 - (20 + -6). Let q(s) = 8*s + 61. Determine q(o).
-3
Let q(n) = n + 5. Suppose -a = r + 3*a + 1, -4*r + 3*a - 23 = 0. Let k = r - -9. Suppose 2*z - k + 14 = 0. Give q(z).
0
Let f(q) be the third derivative of q**4/24 + q**2 - 9. What is f(9)?
9
Let t(z) be the second derivative of 3/2*z**3 + 0 - 22*z - 3/4*z**4 - 11/2*z**2 + 1/20*z**5. Give t(8).
-3
Let l be 1*(-6)/(-3) + 3. Let r(b) = -b**2 - 12*b - 9. Let k(c) = c + 1. Let p(f) = l*k(f) + r(f). Calculate p(-6).
2
Let s(q) = -4 - q**3 + 4*q - 2*q**2 - 2*q**2 + 5*q**2 + 3*q**2 - 2*q. Give s(4).
4
Suppose 6*f - 51 = -39. Let y(p) = p**3 - p**2 + 2*p + 1. What is y(f)?
9
Let n(h) = 4*h - 1. Let r = -110 + 116. What is n(r)?
23
Let p(k) = -k**2 + 11*k - 6. Let j be (13 - 16)/(3/(-33)*3). Determine p(j).
-6
Let f(r) = r**3 + 5*r**2 - 6*r. Let z be f(-6). Let g(u) be the third derivative of u**5/60 + u**4/24 - 5*u**3/3 - 10*u**2. Determine g(z).
-10
Let s(o) be the first derivative of -o**2/2 + 2*o - 1. Let g be 24/9*(-18)/8. Determine s(g).
8
Let o(i) = -i**2 - i - 1. Let s(r) = 5*r**2 + 4*r + 8. Let b(q) = 4*o(q) + s(q). Give b(0).
4
Let r(x) = -x + 6 + x**3 - 3 - 5*x**2 - 2*x. Let q be (-351)/78*1/3*-4. Give r(q).
21
Let l(x) = 455*x - 1 - 226*x - 227*x - 2*x**2. Let w be (-28)/10 - 5/25. Let i = w - -5. Give l(i).
-5
Let u(o) = -o + 1. Let w(s) = 5*s + 20. Let y be w(-5). Let c(h) = -1. Let f(t) = y*c(t) - 3*u(t). What is f(-3)?
-7
Let f be 52/(-48) + 10/120. Let t(b) = -b - 1. Determine t(f).
0
Let y(n) = 2*n**2 - 5*n - 1. Suppose 3*a = -z + 19, -5*z + 0*z + 4*a + 76 = 0. Let t(c) = c**3 - 15*c**2 - 18*c + 36. Let q be t(z). What is y(q)?
11
Let v be 1/(-2) + (-90)/20. Let g be ((-20)/(-6))/((-4)/(-6)). Let z(t) = -g + 3*t - t - t. Determine z(v).
-10
Let p(b) = 4*b**2 - 3*b**2 + 40 + 7*b - 15 - 20. Suppose 0 = -o + 7 + 4. Let w be 2/(-3)*(-2 + o). Determine p(w).
-1
Let s(a) = -3 + 390*a + 10 - 387*a. Let c be ((1 - 0) + 0)*2. Suppose -f = 4*z - 4*f + 11, c*f + 6 = 0. Give s(z).
-8
Let m(x) = -5 + 3 - 808*x**2 + 807*x**2 - x. What is m(-3)?
-8
Let d be (6/10)/((-3)/120*-4). Let m(f) = -f**2 + 2*f - 3. Determine m(d).
-27
Let l be (-4)/(-2) + (3 - 4). Let r(o) = 4*o**3 + 3*o**2 - 10*o + 5. Let s(h) = -5*h**3 - 5*h**2 + 16*h - 8. Let d(j) = -8*r(j) - 5*s(j). Determine d(l).
-6
Suppose -32*d = -33*d. Let n(z) = z**2 + 3*z + 1. Let m be n(-4). Let t(p) = m*p - p - 6*p + p. Determine t(d).
0
Let q(i) be the first derivative of -i**4/4 + 5*i**3/3 + i**2 + i - 115. Let t be ((-2)/6)/(1*3/(-36)). Determine q(t).
25
Let o(i) = -i**3 - 8*i**2 + 10*i + 6. Suppose -19*f = -18*f - 3. Suppose f*l - 17 = -44. Determine o(l).
-3
Let g be 19 + 16/(4/1). Let t = 24 - g. Let a(b) be the first derivative of 5*b**3/3 + b**2/2 - b - 1. What is a(t)?
5
Let g = 1 + -1. Suppose 0 = -3*y - 3*o + o, 3*y + o = g. Let k(j) = -3*j + 5*j - 3*j + 2*j**2 + y*j. Determine k(-1).
3
Let h(w) = 24*w - 24. Let r(c) = 8*c - 9. Let q(j) = 3*h(j) - 8*r(j). What is q(-2)?
-16
Let n = -47 - -54. Let t(a) = n*a**2 - 2*a**2 - 1 + 5*a**2. Determine t(-1).
9
Let o = -539 + 541. Let f(b) = b**2 - 8*b + 13. Calculate f(o).
1
Let r(j) = 2*j - 2*j + j + 32 - 25. Give r(-14).
-7
Let i(y) = 5*y**2 + 3*y + 9. Suppose -2*r + 10 = -r + 2*b, r + 5*b = 19. Let n(t) = -4 - 1 + 0*t**2 - 3*t**2 - 2*t. Let g(m) = r*i(m) + 7*n(m). Give g(2).
-7
Let g = 26 - 20. Let r(t) = -3*t + 0*t + g*t + 4 + 2. Determine r(-6).
-12
Let m = 398 - 395. Let w(b) = b**2 - 4*b. What is w(m)?
-3
Let p(z) = 13*z**2 - 1. Let x = -9 + 17. Let l(j) = -j + 7. Let u be l(x). Determine p(u).
12
Let h be (-22)/(-33)*3/2. Let q(b) = 21*b + 9 - 20*b - h. What is q(-7)?
1
Suppose -5*x + 16 = -3*f - 1, -2*x + 4*f = -18. Let s(w) be the third derivative of -w**6/60 + w**5/60 - w**4/24 - 3*w**2. Calculate s(x).
-2
Let y(m) = 12*m + 384*m**2 - 4 - 3 + 374*m**2 - m**3 + 2 - 749*m**2. Give y(10).
15
Let b(n) = -n**3 + n**2 + 2*n - 1. Let k(x) = -4*x**3 + 5*x**2 + 9*x - 8. Let m(c) = -6*b(c) + k(c). Give m(-2).
-16
Suppose 2*x = h + 8, 2*x = -h + 3*x - 3. Let z be (h + 0)/((-8)/20). Let c(o) = -4*o - 2 + 6*o + 2*o - 3*o. Determine c(z).
-7
Let q(u) be the third derivative of -1/12*u**4 - 1/10*u**5 + 26*u**2 + 0 + 0*u - 1/6*u**3. Calculate q(-1).
-5
Let m(j) be the third derivative of j**4/24 + j**3/2 + 140*j**2 + 2. Determine m(-15).
-12
Let d(v) = -3*v**3 - 2*v**2 + 3*v - 2. Suppose -12*k - 4 = -4*t - 7*k, -3*k = t - 1. Calculate d(t).
-4
Let g = 665 + -662. Let h(k) = -2*k**2 + 6*k - 7. What is h(g)?
-7
Let j(x) = 3*x + 2 + 1 - 8 + 0. Suppose -4*t + 16 = 4*q + 4, 3*q - 3*t - 15 = 0. Determine j(q).
7
Let j(d) = -6*d**2 + 5*d - 2 + 5*d**2 - 3 + 12*d - 5*d. What is j(14)?
-33
Let j(a) be the second derivative of a**4/4 + 2*a**3/3 + 3*a**2/2 - a. Suppose -5*h = -2*h - 75. Let g = h - 27. Determine j(g).
7
Let v = 96 + -95. Let t(h) = -h**3 + 4*h**2 - 4*h - 1. Let r(l) = l**2 - l. Let q(x) = v*t(x) - 4*r(x). Calculate q(-1).
0
Let w = -87 + 88. Let s = w + 3. Let f(t) = t**2 - t + 1. Let d(n) = n. Let u(y) = -4*d(y) + f(y). Calculate u(s).
-3
Let o(z) = -z - 4. Suppose 17 = -4*a - 3*f - 0*f, 0 = 5*a - 4*f + 29. Let p(q) = q - 5. Let w be p(a). What is o(w)?
6
Let l(c) = -c**3 + 10*c**2 - 7*c - 21. Let m(z) = 2*z**2 + 19*z + 48. Let s be m(-3). Give l(s).
-3
Let y(z) = -4*z + 12. Suppose 10*r - 8*r = 16. Let n(j) = 11*j - 35. Let k(u) = r*y(u) + 3*n(u). Determine k(4).
-5
Let q(w) be the second derivative of -w**4/4 + 2*w**3/3 + 9*w**2/2 + 73*w. Give q(3).
-6
Suppose 4*z - 23 - 5 = 0. Let v(q) = -7*q - 53. Let w(x) = 3*x + 25. Let h(y) = -6*v(y) - 13*w(y). Give h(z).
14
Suppose 0*z = 2*z - 2. Let u(a) = 11*a**2 - 1. Let f be u(z). Suppose -3*n + 4 = -6*n - m, 2*n - 3*m + f = 0. Let t(q) = -2*q**2 - 2*q - 2. Calculate t(n).
-6
Let j(q) = 5*q**3 + 2*q**2 + 2*q + 1. Let r be j(-1). Let m be r/6 - 8/(-3). Let g(d) = 3*d**2 + m*d - d**2 + 2 - d**2. Calculate g(-3).
5
Let r(u) = -u - 8. Let o = -1 - 7. Let w be o/(-12)*30/4. Suppose 3 + w = -2*j + 4*s, -s = -2*j - 2. What is r(j)?
-8
Let y(u) = -10*u + 14. Let s(j) = -j - 10. Let q be s(-16). Determine y(q).
-46
Let p(r) be the first derivative of -3 + 4*r**3 + 0*r + 1/90*r**6 + 0*r**2 + 0*r**4 + 0*r**5. Let o(h) be the third derivative of p(h). Calculate o(-1).
4
Let c(a) = 3*a - 2. Let z be (-294)/(-77) + 4/22. Let b = 2 - z. Calculate c(b).
-8
Let p(u) = -u. Suppose 5*d - 85 = 95. Suppose 2*j = 8*j - d. Give p(j).
-6
Let x(n) = -n**2 - 3*n. Suppose -3*b + 8 - 14 = 0. Let h be ((b - -2) + -2)*2. Give x(h).
-4
Let k(j) = -j**2 - 8*j - 3. Let y be 360/(-63) - 8/28. Calculate k(y).
9
Let c(k) = -k**3 - 13*k**2 - k - 10. Let q(r) = -6*r - 1. Let j be q(2). Let g be c(j). Let d(x) = 2*x - 1 + 2*x + 3*x**2 - x**g - 3. Determine d(3).
8
Let o(u) = -14*u - 1 + 1. Let w = -171 + 173. Let 